{"id":21,"date":"2019-06-27T13:37:58","date_gmt":"2019-06-27T11:37:58","guid":{"rendered":"http:\/\/physio-fenzl.at\/wordpress\/?page_id=21"},"modified":"2019-10-25T16:16:51","modified_gmt":"2019-10-25T14:16:51","slug":"uber-mich","status":"publish","type":"page","link":"https:\/\/www.physio-fenzl.at\/wordpress\/uber-mich\/","title":{"rendered":"\u00dcBER MICH"},"content":{"rendered":"\n<figure class=\"wp-block-image is-resized\"><img loading=\"lazy\" src=\"http:\/\/physio-fenzl.at\/wordpress\/wp-content\/uploads\/2019\/07\/IMG-20190728-WA0005-1-768x1024.jpg\" alt=\"\" class=\"wp-image-87\" width=\"277\" height=\"369\" srcset=\"https:\/\/www.physio-fenzl.at\/wordpress\/wp-content\/uploads\/2019\/07\/IMG-20190728-WA0005-1-768x1024.jpg 768w, https:\/\/www.physio-fenzl.at\/wordpress\/wp-content\/uploads\/2019\/07\/IMG-20190728-WA0005-1-225x300.jpg 225w, https:\/\/www.physio-fenzl.at\/wordpress\/wp-content\/uploads\/2019\/07\/IMG-20190728-WA0005-1-810x1080.jpg 810w, https:\/\/www.physio-fenzl.at\/wordpress\/wp-content\/uploads\/2019\/07\/IMG-20190728-WA0005-1.jpg 1200w\" sizes=\"(max-width: 277px) 100vw, 277px\" \/><\/figure>\n\n\n<p><!--StartFragment--><\/p>\n<p>\u00a0<\/p>\n<ul>\n<li><strong>Physiotherapeut seit 2016 <\/strong>\n<p>\u00a0<\/p>\n<\/li>\n<li><strong>Osteopath i. A <\/strong>\n<p>\u00a0<\/p>\n<\/li>\n<li><strong>Externer Vortragender am BFI O\u00d6<br \/><br \/><br \/><\/strong><\/li>\n<li><strong>mehrj\u00e4hrige Erfahrung im Bereich Innere Medizin\/ Pneumologie\/ Intensivmedizin <\/strong>\n<p>\u00a0<\/p>\n<\/li>\n<li><strong>diverse Fortbildungen in den Bereichen Atemtherapie\/ Atemnotsmanagement <\/strong>\n<p>\u00a0<\/p>\n<\/li>\n<li><strong>Diverse Fortbildungen im Bereich der Neurologie<\/strong><\/li>\n<\/ul>\n\n\n<p>Mein Name ist Marcel Fenzl, ich habe 2016 das Studium zum Physiotherapeut an der Fhgooe Wels abgeschlossen und bin seither Physiotherapeut aus \u00dcberzeugung.&nbsp; Frei nach dem Motto \u201c non scholae sed vitae discimus\u201c ( nicht f\u00fcr die Schule, sondern f\u00fcr das Leben lernen wir), entschloss ich mich 2017 mit dem Masterstudium Osteopathie anzufangen und bilde mich weiters in meinen Schwerpunktf\u00e4chern fort. Ebenso arbeite ich seit 2016 auch im LKH Graz II Standort Enzenbach, einer Spezialklinik f\u00fcr Lungenheilkunde und Intensivmedizin.<br><\/p>\n\n\n\n<p>Meine Interessensschwerpunkte liegen neben der Pneumologie und der Inneren Medizin, auch in der Behandlung und Pr\u00e4vention von R\u00fcckenschmerzen aller Art. Als Osteopath i.A k\u00fcmmere ich mich um ihre k\u00f6rperlichen Beschwerden mit einer ganzheitliche Betrachtungsweise und versuche so ihre Selbstheilungskr\u00e4fte mit evidenzbasierten Methoden zu aktivieren.<\/p>\n\n\n\n<p>Mit Freundlichkeit, Geduld und wissenschaftlichem Know- How m\u00f6chte ich ihr Wohlbefinden f\u00f6rdern.<\/p>\n\n\n\n<p>Marcel Fenzl, BSc, Osteopath i.A<\/p>\n\n\n<p><!--EndFragment--><\/p>","protected":false},"excerpt":{"rendered":"<p>\u00a0 Physiotherapeut seit 2016 \u00a0 Osteopath i. A \u00a0 Externer Vortragender am BFI O\u00d6 mehrj\u00e4hrige Erfahrung im Bereich Innere Medizin\/ Pneumologie\/ Intensivmedizin \u00a0 diverse Fortbildungen in den Bereichen Atemtherapie\/ Atemnotsmanagement \u00a0 Diverse Fortbildungen im Bereich der Neurologie Mein Name ist Marcel Fenzl, ich habe 2016 das Studium zum Physiotherapeut an der Fhgooe Wels abgeschlossen und&nbsp;&hellip;<\/p>\n","protected":false},"author":1,"featured_media":0,"parent":0,"menu_order":0,"comment_status":"closed","ping_status":"closed","template":"","meta":[],"yoast_head":"<!-- This site is optimized with the Yoast SEO plugin v19.6 - https:\/\/yoast.com\/wordpress\/plugins\/seo\/ -->\n<title>\u00dcBER MICH - Marcel Fenzl Physiotherapie<\/title>\n<meta name=\"robots\" content=\"index, follow, max-snippet:-1, max-image-preview:large, max-video-preview:-1\" \/>\n<link rel=\"canonical\" href=\"https:\/\/www.physio-fenzl.at\/wordpress\/uber-mich\/\" \/>\n<meta property=\"og:locale\" content=\"de_DE\" \/>\n<meta property=\"og:type\" content=\"article\" \/>\n<meta property=\"og:title\" content=\"\u00dcBER MICH - Marcel Fenzl Physiotherapie\" \/>\n<meta property=\"og:description\" content=\"\u00a0 Physiotherapeut seit 2016 \u00a0 Osteopath i. A \u00a0 Externer Vortragender am BFI O\u00d6 mehrj\u00e4hrige Erfahrung im Bereich Innere Medizin\/ Pneumologie\/ Intensivmedizin \u00a0 diverse Fortbildungen in den Bereichen Atemtherapie\/ Atemnotsmanagement \u00a0 Diverse Fortbildungen im Bereich der Neurologie Mein Name ist Marcel Fenzl, ich habe 2016 das Studium zum Physiotherapeut an der Fhgooe Wels abgeschlossen und&nbsp;&hellip;\" \/>\n<meta property=\"og:url\" content=\"https:\/\/www.physio-fenzl.at\/wordpress\/uber-mich\/\" \/>\n<meta property=\"og:site_name\" content=\"Marcel Fenzl Physiotherapie\" \/>\n<meta property=\"article:modified_time\" content=\"2019-10-25T14:16:51+00:00\" \/>\n<meta property=\"og:image\" content=\"http:\/\/physio-fenzl.at\/wordpress\/wp-content\/uploads\/2019\/07\/IMG-20190728-WA0005-1-768x1024.jpg\" \/>\n<meta name=\"twitter:card\" content=\"summary_large_image\" \/>\n<meta name=\"twitter:label1\" content=\"Gesch\u00e4tzte Lesezeit\" \/>\n\t<meta name=\"twitter:data1\" content=\"1 Minute\" \/>\n<script type=\"application\/ld+json\" class=\"yoast-schema-graph\">{\"@context\":\"https:\/\/schema.org\",\"@graph\":[{\"@type\":\"WebPage\",\"@id\":\"https:\/\/www.physio-fenzl.at\/wordpress\/uber-mich\/\",\"url\":\"https:\/\/www.physio-fenzl.at\/wordpress\/uber-mich\/\",\"name\":\"\u00dcBER MICH - Marcel Fenzl Physiotherapie\",\"isPartOf\":{\"@id\":\"https:\/\/www.physio-fenzl.at\/wordpress\/#website\"},\"datePublished\":\"2019-06-27T11:37:58+00:00\",\"dateModified\":\"2019-10-25T14:16:51+00:00\",\"breadcrumb\":{\"@id\":\"https:\/\/www.physio-fenzl.at\/wordpress\/uber-mich\/#breadcrumb\"},\"inLanguage\":\"de-AT\",\"potentialAction\":[{\"@type\":\"ReadAction\",\"target\":[\"https:\/\/www.physio-fenzl.at\/wordpress\/uber-mich\/\"]}]},{\"@type\":\"BreadcrumbList\",\"@id\":\"https:\/\/www.physio-fenzl.at\/wordpress\/uber-mich\/#breadcrumb\",\"itemListElement\":[{\"@type\":\"ListItem\",\"position\":1,\"name\":\"Home\",\"item\":\"https:\/\/www.physio-fenzl.at\/wordpress\/\"},{\"@type\":\"ListItem\",\"position\":2,\"name\":\"\u00dcBER MICH\"}]},{\"@type\":\"WebSite\",\"@id\":\"https:\/\/www.physio-fenzl.at\/wordpress\/#website\",\"url\":\"https:\/\/www.physio-fenzl.at\/wordpress\/\",\"name\":\"Marcel Fenzl Physiotherapie\",\"description\":\"Osteopath i. A., Atemtherapie and more\",\"potentialAction\":[{\"@type\":\"SearchAction\",\"target\":{\"@type\":\"EntryPoint\",\"urlTemplate\":\"https:\/\/www.physio-fenzl.at\/wordpress\/?s={search_term_string}\"},\"query-input\":\"required name=search_term_string\"}],\"inLanguage\":\"de-AT\"}]}<\/script>\n<!-- \/ Yoast SEO plugin. -->","yoast_head_json":{"title":"\u00dcBER MICH - Marcel Fenzl Physiotherapie","robots":{"index":"index","follow":"follow","max-snippet":"max-snippet:-1","max-image-preview":"max-image-preview:large","max-video-preview":"max-video-preview:-1"},"canonical":"https:\/\/www.physio-fenzl.at\/wordpress\/uber-mich\/","og_locale":"de_DE","og_type":"article","og_title":"\u00dcBER MICH - Marcel Fenzl Physiotherapie","og_description":"\u00a0 Physiotherapeut seit 2016 \u00a0 Osteopath i. A \u00a0 Externer Vortragender am BFI O\u00d6 mehrj\u00e4hrige Erfahrung im Bereich Innere Medizin\/ Pneumologie\/ Intensivmedizin \u00a0 diverse Fortbildungen in den Bereichen Atemtherapie\/ Atemnotsmanagement \u00a0 Diverse Fortbildungen im Bereich der Neurologie Mein Name ist Marcel Fenzl, ich habe 2016 das Studium zum Physiotherapeut an der Fhgooe Wels abgeschlossen und&nbsp;&hellip;","og_url":"https:\/\/www.physio-fenzl.at\/wordpress\/uber-mich\/","og_site_name":"Marcel Fenzl Physiotherapie","article_modified_time":"2019-10-25T14:16:51+00:00","og_image":[{"url":"http:\/\/physio-fenzl.at\/wordpress\/wp-content\/uploads\/2019\/07\/IMG-20190728-WA0005-1-768x1024.jpg"}],"twitter_card":"summary_large_image","twitter_misc":{"Gesch\u00e4tzte Lesezeit":"1 Minute"},"schema":{"@context":"https:\/\/schema.org","@graph":[{"@type":"WebPage","@id":"https:\/\/www.physio-fenzl.at\/wordpress\/uber-mich\/","url":"https:\/\/www.physio-fenzl.at\/wordpress\/uber-mich\/","name":"\u00dcBER MICH - Marcel Fenzl Physiotherapie","isPartOf":{"@id":"https:\/\/www.physio-fenzl.at\/wordpress\/#website"},"datePublished":"2019-06-27T11:37:58+00:00","dateModified":"2019-10-25T14:16:51+00:00","breadcrumb":{"@id":"https:\/\/www.physio-fenzl.at\/wordpress\/uber-mich\/#breadcrumb"},"inLanguage":"de-AT","potentialAction":[{"@type":"ReadAction","target":["https:\/\/www.physio-fenzl.at\/wordpress\/uber-mich\/"]}]},{"@type":"BreadcrumbList","@id":"https:\/\/www.physio-fenzl.at\/wordpress\/uber-mich\/#breadcrumb","itemListElement":[{"@type":"ListItem","position":1,"name":"Home","item":"https:\/\/www.physio-fenzl.at\/wordpress\/"},{"@type":"ListItem","position":2,"name":"\u00dcBER MICH"}]},{"@type":"WebSite","@id":"https:\/\/www.physio-fenzl.at\/wordpress\/#website","url":"https:\/\/www.physio-fenzl.at\/wordpress\/","name":"Marcel Fenzl Physiotherapie","description":"Osteopath i. A., Atemtherapie and more","potentialAction":[{"@type":"SearchAction","target":{"@type":"EntryPoint","urlTemplate":"https:\/\/www.physio-fenzl.at\/wordpress\/?s={search_term_string}"},"query-input":"required name=search_term_string"}],"inLanguage":"de-AT"}]}},"_links":{"self":[{"href":"https:\/\/www.physio-fenzl.at\/wordpress\/wp-json\/wp\/v2\/pages\/21"}],"collection":[{"href":"https:\/\/www.physio-fenzl.at\/wordpress\/wp-json\/wp\/v2\/pages"}],"about":[{"href":"https:\/\/www.physio-fenzl.at\/wordpress\/wp-json\/wp\/v2\/types\/page"}],"author":[{"embeddable":true,"href":"https:\/\/www.physio-fenzl.at\/wordpress\/wp-json\/wp\/v2\/users\/1"}],"replies":[{"embeddable":true,"href":"https:\/\/www.physio-fenzl.at\/wordpress\/wp-json\/wp\/v2\/comments?post=21"}],"version-history":[{"count":5,"href":"https:\/\/www.physio-fenzl.at\/wordpress\/wp-json\/wp\/v2\/pages\/21\/revisions"}],"predecessor-version":[{"id":99,"href":"https:\/\/www.physio-fenzl.at\/wordpress\/wp-json\/wp\/v2\/pages\/21\/revisions\/99"}],"wp:attachment":[{"href":"https:\/\/www.physio-fenzl.at\/wordpress\/wp-json\/wp\/v2\/media?parent=21"}],"curies":[{"name":"wp","href":"https:\/\/api.w.org\/{rel}","templated":true}]}}